{"id":2740,"date":"2023-09-03T22:07:32","date_gmt":"2023-09-03T20:07:32","guid":{"rendered":"http:\/\/www.harrietgross.com\/?page_id=2740"},"modified":"2023-09-03T22:07:32","modified_gmt":"2023-09-03T20:07:32","slug":"die-logik-des-wassers-von-gunda-bartels-tagesspiegel","status":"publish","type":"page","link":"https:\/\/www.harrietgross.com\/?page_id=2740","title":{"rendered":"Die Logik des Wassers von Gunda Bartels, Tagesspiegel"},"content":{"rendered":"<p>Berliner Ausstellung der K\u00fcnstlerin Harriet Gro\u00df, Tagesspiegel vom 22.06.2022<\/p>\n<p><strong>Die Logik des Wassers<\/strong><br \/>\nRegen ist der Rhythmus der Natur. Tusche-Zeichnungen und Installationen von Harriet Gro\u00df in der Guardini Galerie.<\/p>\n<p>von Gunda Bartels<\/p>\n<p><a href=\"http:\/\/www.harrietgross.com\/wp-content\/uploads\/2023\/09\/Bildschirmfoto-2023-09-03-um-21.58.07-1.png\"><img decoding=\"async\" loading=\"lazy\" class=\"alignleft size-full wp-image-2742\" src=\"http:\/\/www.harrietgross.com\/wp-content\/uploads\/2023\/09\/Bildschirmfoto-2023-09-03-um-21.58.07-1.png\" alt=\"\" width=\"1862\" height=\"740\" srcset=\"https:\/\/www.harrietgross.com\/wp-content\/uploads\/2023\/09\/Bildschirmfoto-2023-09-03-um-21.58.07-1.png 1862w, https:\/\/www.harrietgross.com\/wp-content\/uploads\/2023\/09\/Bildschirmfoto-2023-09-03-um-21.58.07-1-300x119.png 300w, https:\/\/www.harrietgross.com\/wp-content\/uploads\/2023\/09\/Bildschirmfoto-2023-09-03-um-21.58.07-1-1024x407.png 1024w, https:\/\/www.harrietgross.com\/wp-content\/uploads\/2023\/09\/Bildschirmfoto-2023-09-03-um-21.58.07-1-768x305.png 768w, https:\/\/www.harrietgross.com\/wp-content\/uploads\/2023\/09\/Bildschirmfoto-2023-09-03-um-21.58.07-1-1536x610.png 1536w\" sizes=\"(max-width: 1862px) 100vw, 1862px\" \/><\/a><\/p>\n<p>Raumzeichnung. Harriet Gro\u00df&#8216; Regen-Installation aus Alust\u00e4ben und Schn\u00fcren.<br \/>\nFoto: Hans-Georg Gaul, VG Bild Kunst, Bonn 2022<\/p>\n<p>Schauer, Platzregen, Wolkenbruch, Sintflut, Spr\u00fchregen, Starkregen, Schn\u00fcrlregen, Niesel \u2013 dann ist in der deutschen Sprache bald Schluss mit den Bezeichnungen des Wetterph\u00e4nomens.<br \/>\nDie japanische Sprache kennt dagegen viel viel mehr Ausdr\u00fccke, um den Charakter des kondensierten Wassers zu beschreiben, das aus Wolken auf den Erdboden f\u00e4llt.<\/p>\n<p><strong>Regen fehlt und fasziniert<\/strong><br \/>\nDie Berliner K\u00fcnstlerin Harriet Gro\u00df ist ihrerseits fasziniert vom japanischen Interesse an dem immer h\u00e4ufiger vermissten Wetterereignis, das in ber\u00fchmten japanischen Holzschnitten aus dem 18. und 19. Jahrhundert als Folge von Linien abstrahiert wird. Zwei dieser kunstgeschichtlichen Referenzen sind in der Ausstellung \u201eWei\u00dfer Regen\u201c in der Guardini Galerie zu sehen, die Harriet Gro\u00df mit ihren Arbeiten in eine rauschhaft stille Linien-Meditation verwandelt.<\/p>\n<p>Per Tusche-Zeichnungen, Lentikulardrucken (vulgo: Wackelbildern, in denen zwei Bildebenen \u00fcbereinanderliegen) und Regen-Installationen aus Schn\u00fcren und Alu-St\u00e4ben erschafft sie eine in strenges Schwarzwei\u00df (und einige Graut\u00f6ne) gegossene Abstraktion, deren Minimalismus manisch und ma\u00dflos zugleich anmutet. Linien, Linien, \u00fcberall Linien. D\u00fcnn, noch d\u00fcnner, dick, am dicksten. Eine neben der anderen mit dem Tuschepinsel auf B\u00fctten oder Japanpapier gebracht.<\/p>\n<p>Kleine Ausrei\u00dfer eingeschlossen, die die mannshohe Horizontale etwa der Zeichnungen \u201eFeiner- und Leiser Regen\u201c mit vertikalen Auslassungen versehen. Mit den \u201eS\u00e4umen\u201c des Wassers, den Wellen, der Gischt wie in der Serie \u201eSaum\u201c.<\/p>\n<p>Immer wieder bricht Gro\u00df die analytische Strenge ihrer Komposition, die Regen als den Rhythmus der Natur beschreibt und anmutet wie dessen Notationen, dessen Partitur. Dann spielt sie mit dem visuellen Echo der fallenden Tropfen. Ein Beispiel ist die filigrane Installation \u201eSpr\u00fchregen\u201c.<\/p>\n<p>Die \u201eRaumzeichnung\u201c besteht aus Metallketten, die aus einer F\u00fclle unterschiedlich gro\u00dfer Glieder zusammengef\u00fcgt sind. Sie fallen mal schwarz, wei\u00df, silbern aus. Und werfen als Regenvorhang einen zarten Schatten an die Wand.<br \/>\nRegen als Sinnesereignis.<\/p>\n<p>Das lie\u00dfe sich fraglos gef\u00e4lliger und leichter zug\u00e4nglich in Szene setzen, als Harriet Gro\u00df das tut. Ihr Werkkomplex \u201eWei\u00dfer Regen\u201c fordert Konzentration und die Bereitschaft zur Versenkung in ein Sujet, dem die K\u00fcnstlerin unbeirrt vom Get\u00f6se der Welt und den Moden des Kunstmarkts folgt.<\/p>\n<p>Gunda Bartels<\/p>\n<p>Guardini Galerie, Askanischer Platz 4, bis 22. Juli, Mo-Fr 13-18 Uhr. Das Katalogbuch &#8222;Wei\u00dfer Regen&#8220; ist bei The Green Box erschienen und kostet 35 \u20ac. Am 28. Juni, 19 Uhr, findet eine F\u00fchrung der Kuratorin Frizzi Krella in Anwesenheit der K\u00fcnstlerin statt.<\/p>\n<p>(https:\/\/www.tagesspiegel.de\/kultur\/berliner-ausstellung-der-kuenstlerin-harriet-gross-die-logik-des-wassers\/28445872.html)<\/p>\n","protected":false},"excerpt":{"rendered":"<p>Berliner Ausstellung der K\u00fcnstlerin Harriet Gro\u00df, Tagesspiegel vom 22.06.2022 Die Logik des Wassers Regen ist der Rhythmus der Natur. Tusche-Zeichnungen und Installationen von Harriet Gro\u00df in der Guardini Galerie. von Gunda Bartels Raumzeichnung. Harriet Gro\u00df&#8216; Regen-Installation aus Alust\u00e4ben und Schn\u00fcren. &hellip; <a href=\"https:\/\/www.harrietgross.com\/?page_id=2740\">Weiterlesen <span class=\"meta-nav\">&rarr;<\/span><\/a><\/p>\n","protected":false},"author":2,"featured_media":0,"parent":23,"menu_order":0,"comment_status":"closed","ping_status":"closed","template":"text-template.php","meta":{"ngg_post_thumbnail":0},"_links":{"self":[{"href":"https:\/\/www.harrietgross.com\/index.php?rest_route=\/wp\/v2\/pages\/2740"}],"collection":[{"href":"https:\/\/www.harrietgross.com\/index.php?rest_route=\/wp\/v2\/pages"}],"about":[{"href":"https:\/\/www.harrietgross.com\/index.php?rest_route=\/wp\/v2\/types\/page"}],"author":[{"embeddable":true,"href":"https:\/\/www.harrietgross.com\/index.php?rest_route=\/wp\/v2\/users\/2"}],"replies":[{"embeddable":true,"href":"https:\/\/www.harrietgross.com\/index.php?rest_route=%2Fwp%2Fv2%2Fcomments&post=2740"}],"version-history":[{"count":1,"href":"https:\/\/www.harrietgross.com\/index.php?rest_route=\/wp\/v2\/pages\/2740\/revisions"}],"predecessor-version":[{"id":2743,"href":"https:\/\/www.harrietgross.com\/index.php?rest_route=\/wp\/v2\/pages\/2740\/revisions\/2743"}],"up":[{"embeddable":true,"href":"https:\/\/www.harrietgross.com\/index.php?rest_route=\/wp\/v2\/pages\/23"}],"wp:attachment":[{"href":"https:\/\/www.harrietgross.com\/index.php?rest_route=%2Fwp%2Fv2%2Fmedia&parent=2740"}],"curies":[{"name":"wp","href":"https:\/\/api.w.org\/{rel}","templated":true}]}}