{"id":2695,"date":"2023-09-03T20:18:41","date_gmt":"2023-09-03T18:18:41","guid":{"rendered":"http:\/\/www.harrietgross.com\/?page_id=2695"},"modified":"2024-09-24T08:34:21","modified_gmt":"2024-09-24T06:34:21","slug":"im-neuen-raum-taz","status":"publish","type":"page","link":"http:\/\/www.harrietgross.com\/?page_id=2695","title":{"rendered":"Im neuen Raum von Noemi Molitor, TAZ"},"content":{"rendered":"<p><a href=\"http:\/\/www.harrietgross.com\/wp-content\/uploads\/2023\/09\/Artefakt-und-Interferenz-Ausstellungsansicht-1.jpeg\"><img decoding=\"async\" loading=\"lazy\" class=\"alignleft size-medium wp-image-2696\" src=\"http:\/\/www.harrietgross.com\/wp-content\/uploads\/2023\/09\/Artefakt-und-Interferenz-Ausstellungsansicht-1-300x150.jpeg\" alt=\"\" width=\"300\" height=\"150\" srcset=\"http:\/\/www.harrietgross.com\/wp-content\/uploads\/2023\/09\/Artefakt-und-Interferenz-Ausstellungsansicht-1-300x150.jpeg 300w, http:\/\/www.harrietgross.com\/wp-content\/uploads\/2023\/09\/Artefakt-und-Interferenz-Ausstellungsansicht-1.jpeg 624w\" sizes=\"(max-width: 300px) 100vw, 300px\" \/><\/a><span class=\"body\" role=\"main\">\u201eArtefakt und Interferenz\u201c mit Raumzeichnung von Harriet Gro\u00df und Kleinplastik von Susanne Piotter<br \/>\n<\/span><span class=\"body\" role=\"main\"><span class=\"credit\"> Foto: Harriet Gro\u00df<br \/>\n<\/span><\/span><\/p>\n<p>TAZ am 5.Juli 2023<\/p>\n<h1 class=\"western\">Die Kunst der Woche: Im neuen Raum<\/h1>\n<p>Harriet Gro\u00df und Susanne Piotter lassen bei Axel Obiger architektonische Gebilde und Raumzeichnungen die Richtung wechseln. Eine geniale Kombination.<\/p>\n<p>von Noemi Molitor<\/p>\n<p>Linien, immer wieder Linien. Ruhend, vibrierend, kurz im Lot, dann wieder in Bewegung, f\u00fcr einen Moment zur Welle geworden, dann versunken im Tief der schwarz-wei\u00df-grauen Farbfl\u00e4chen, die sich ganz vorsichtig \u00fcber Gaze aus Metall legen, die hier so fein erscheint wie Seide. Die Linien, mit denen <a href=\"http:\/\/www.harrietgross.com\/\" target=\"_blank\" rel=\"noopener\">Harriet Gro\u00df<\/a> bei <a href=\"https:\/\/www.axelobiger.com\/\" target=\"_blank\" rel=\"noopener\">Axel Obiger<\/a> in den Raum zeichnet, sind transparent, dann wieder blickdicht, wenn eine Metallstange senkrecht das Wandbild durchkreuzt, dem Auge kurz als Orientierungsanker dient.<\/p>\n<p>Kurz darauf folgt der Blick einem St\u00fcck Draht, das sich organisch \u00fcber die Kanten hinwegsetzt, oben in Richtung Decke Knoten Bildet oder rechts und links die Wand entlang den Bildrand \u00f6ffnet. Schlie\u00dflich staucht sich die Gaze und mit ihr die Linie, schillern pl\u00f6tzlich Kurven vor dem Auge, die so vorher nicht da waren, stellt sich die Vermutung ein, dass das Bild je nach Tageszeit und Lichteinfall stetig wechseln wird.<\/p>\n<p>Gro\u00df ist Mitgr\u00fcnderin des von K\u00fcnst\u00adle\u00adr:in\u00adnen betriebenen Projektraums f\u00fcr zeitgen\u00f6ssische Kunst, den regelm\u00e4\u00dfig Gast\u00adku\u00adra\u00adto\u00adr:in\u00adnen oder Gast\u00adk\u00fcnst\u00adle\u00adr:in\u00adnen bespielen. F\u00fcr die Ausstellung \u201eArtefakt und Interferenz\u201c kooperiert sie mit <a href=\"https:\/\/www.susanne-piotter.com\/\" target=\"_blank\" rel=\"noopener\">Susanne Piotter<\/a>, deren <a href=\"https:\/\/taz.de\/Oxidiert-geplottet-aufgeladen-Oberflaechenspannung-bei-Outlands\/!5500335\/\" target=\"_blank\" rel=\"noopener\">Kleinplastiken aus Beton<\/a> hier Gro\u00df\u2019 Raumzeichnungen begegnen, w\u00e4hrend sie selbst neue R\u00e4ume heraufbeschw\u00f6ren.<\/p>\n<p>Das ist schon der ganz gro\u00dfe Coup wie die Arbeiten der beiden K\u00fcnst\u00adle\u00adr:in\u00adnen hier interagieren und aus der Begegnung heraus einen dritten Raum schaffen. Den der Wahrnehmung n\u00e4mlich, die sich dank der Konstellation dieser Arbeiten, die immer wieder Fl\u00e4chen, dann das Dreidimensionale suchen, st\u00e4ndig wendet und die Richtung wechselt.<\/p>\n<p>Mit ihren Treppen, Winkeln und Rundungen und ihren Oberfl\u00e4chen aus Beton, sind Susanne Piotters \u201eArtefakte\u201c klar formiert, Transparenz stellt sich jedoch sp\u00e4testens auf ihrem Katalogcover ein, das mittels einer durchsichtigen Pr\u00e4gung, die die Skulptur auf dem Cover \u00fcberlagert, nachvollzieht, dass das Objekt auch auf die Seite gekippt vorstellbar ist.<\/p>\n<p>Unbedingt empfehlenswert ist auch das K\u00fcnstlerbuch \u201eWeniger Regen \/ White Rain\u201c von Harriet Gro\u00df (erschienen im The Green Box Verlag), das sich, ihren Linien \u00e4hnlich, in die L\u00e4nge zieht und in dem sich sogar im Papier die Dichte verlagert.<\/p>\n<p>Die Furchen und Risse in den Betonoberfl\u00e4chen von Susanne Piotters Architekturen spiegeln sich wiederum auf Lentikulardrucken von Harriet Gro\u00df. So zum Beispiel bei \u201eSideffekt\u201c (2022), auf dem von Links geschaut Eis bricht, aus der Mitte betrachtet Klebestreifen versuchen, einen aufklaffenden Untergrund zusammenzuhalten, und schlie\u00dflich Erdh\u00e4ufungen und Schneekrater, so will man sie zumindest f\u00fcr den Moment nennen, souver\u00e4n ihre Bahnen ziehen.<\/p>\n<p>So bescheiden ein Nebeneffekt sein mag, so eindrucksvoll l\u00f6sen sich in dieser Doppelausstellung Skulptur und Zeichnung die Grenzen des Imagin\u00e4ren auf, wird Arch\u00e4ologie zu Futurismus.<\/p>\n<p>&nbsp;<\/p>\n<p><b>Harriet Gro\u00df | Susanne Piotter:<\/b> Artefakt und Interferenz, <a href=\"https:\/\/www.axelobiger.com\/\" target=\"_blank\" rel=\"noopener\">Axel Obiger<\/a>, Do.\u2013Fr 15\u201319 Uhr, Sa. 14\u201319 Uhr; 9. Juli, 16\u201321 Uhr: Finissage mit einem Konzert von Solistinnen des Ensemble Quillo (16 Uhr), Brunnenstr. 29<\/p>\n","protected":false},"excerpt":{"rendered":"<p>\u201eArtefakt und Interferenz\u201c mit Raumzeichnung von Harriet Gro\u00df und Kleinplastik von Susanne Piotter Foto: Harriet Gro\u00df TAZ am 5.Juli 2023 Die Kunst der Woche: Im neuen Raum Harriet Gro\u00df und Susanne Piotter lassen bei Axel Obiger architektonische Gebilde und Raumzeichnungen &hellip; <a href=\"http:\/\/www.harrietgross.com\/?page_id=2695\">Weiterlesen <span class=\"meta-nav\">&rarr;<\/span><\/a><\/p>\n","protected":false},"author":2,"featured_media":0,"parent":23,"menu_order":0,"comment_status":"closed","ping_status":"closed","template":"text-template.php","meta":{"ngg_post_thumbnail":0},"_links":{"self":[{"href":"http:\/\/www.harrietgross.com\/index.php?rest_route=\/wp\/v2\/pages\/2695"}],"collection":[{"href":"http:\/\/www.harrietgross.com\/index.php?rest_route=\/wp\/v2\/pages"}],"about":[{"href":"http:\/\/www.harrietgross.com\/index.php?rest_route=\/wp\/v2\/types\/page"}],"author":[{"embeddable":true,"href":"http:\/\/www.harrietgross.com\/index.php?rest_route=\/wp\/v2\/users\/2"}],"replies":[{"embeddable":true,"href":"http:\/\/www.harrietgross.com\/index.php?rest_route=%2Fwp%2Fv2%2Fcomments&post=2695"}],"version-history":[{"count":5,"href":"http:\/\/www.harrietgross.com\/index.php?rest_route=\/wp\/v2\/pages\/2695\/revisions"}],"predecessor-version":[{"id":2967,"href":"http:\/\/www.harrietgross.com\/index.php?rest_route=\/wp\/v2\/pages\/2695\/revisions\/2967"}],"up":[{"embeddable":true,"href":"http:\/\/www.harrietgross.com\/index.php?rest_route=\/wp\/v2\/pages\/23"}],"wp:attachment":[{"href":"http:\/\/www.harrietgross.com\/index.php?rest_route=%2Fwp%2Fv2%2Fmedia&parent=2695"}],"curies":[{"name":"wp","href":"https:\/\/api.w.org\/{rel}","templated":true}]}}