{"id":2687,"date":"2023-09-03T16:53:46","date_gmt":"2023-09-03T14:53:46","guid":{"rendered":"http:\/\/www.harrietgross.com\/?page_id=2687"},"modified":"2024-09-24T08:41:20","modified_gmt":"2024-09-24T06:41:20","slug":"wellenbad-interferenzen-und-artefakte-tagesspiegel","status":"publish","type":"page","link":"http:\/\/www.harrietgross.com\/?page_id=2687","title":{"rendered":"Wellenbad &#8211; Interferenzen und Artefakte von Thomas Wochnik,  Tagesspiegel"},"content":{"rendered":"<p><a href=\"http:\/\/www.harrietgross.com\/wp-content\/uploads\/2023\/09\/Tagesspiegel-Artefakte-und-Interferenzen-165-Wochniks.jpeg\"><img decoding=\"async\" loading=\"lazy\" class=\"alignleft size-medium wp-image-2680\" src=\"http:\/\/www.harrietgross.com\/wp-content\/uploads\/2023\/09\/Tagesspiegel-Artefakte-und-Interferenzen-165-Wochniks-300x128.jpeg\" alt=\"\" width=\"300\" height=\"128\" srcset=\"http:\/\/www.harrietgross.com\/wp-content\/uploads\/2023\/09\/Tagesspiegel-Artefakte-und-Interferenzen-165-Wochniks-300x128.jpeg 300w, http:\/\/www.harrietgross.com\/wp-content\/uploads\/2023\/09\/Tagesspiegel-Artefakte-und-Interferenzen-165-Wochniks-768x329.jpeg 768w, http:\/\/www.harrietgross.com\/wp-content\/uploads\/2023\/09\/Tagesspiegel-Artefakte-und-Interferenzen-165-Wochniks.jpeg 1000w\" sizes=\"(max-width: 300px) 100vw, 300px\" \/><\/a>Tagesspiegel am<br \/>\nam 07.07.2023, 10:49&nbsp;Uhr<\/p>\n<p>&nbsp;<\/p>\n<p>&nbsp;<\/p>\n<h1 class=\"western\">Wellenbad<br \/>\nInterferenzen und Artefakte<\/h1>\n<h2 class=\"western\">Von Thomas Wochnik<\/h2>\n<p>Betrachtet man das rotierende Rad eines Fahrrads, kann es wirken, als drehte es sich r\u00fcckw\u00e4rts. Filmt man einen R\u00f6hrenbildschirm, sieht man es flimmern und schl\u00e4gt man an einer Gitarre denselben Ton auf zwei leicht verstimmten Saiten an, h\u00f6rt man den Zusammenklang pulsieren. Verschwindet der Puls, sind die Seiten gleich gestimmt. Das physikalische Ph\u00e4nomen hinter all dem ist die Interferenz: Wellen \u00fcberlagern sich, in ihren Verst\u00e4rkungen und Ausl\u00f6schungen entstehen Muster. Besonders gut ist das auf der Wasseroberfl\u00e4che sichtbar.<\/p>\n<p>Sicherlich ist es daher kein Zufall, dass <strong>Harriet Gro\u00df<\/strong> nach ihrer Ausstellung zum Wasserthema 2022 in der <strong>Guardini Galerie<\/strong> nun bei <strong>Axel Obiger<\/strong> (Brunnenstra\u00dfe 29) eine Schau zum Thema <strong>Interferenz<\/strong> zeigt. Im Vor\u00fcbergehen an sich \u00fcberlagernden Texturen flimmern die Oberfl\u00e4chen und entstehen fl\u00fcchtige Muster, die schon bei der feinsten Perspektiv\u00e4nderung zu anderen werden. Der Blick macht hier die Welt.<\/p>\n<p>Aber nicht nur in der Sinneswahrnehmung gibt es Interferenz. In der Sprachwissenschaft nennt man es so, wenn zwei erlernte Sprachen wechselwirken. In der Psychologie gibt es Interferenz zwischen Erinnerungen oder zwischen der Erinnerung und dem aktuellen Erleben. Man k\u00f6nnte das eigene Ich, eine ganze Kultur oder <strong>sogar das Wochenende<\/strong> als komplexes System aus Interferenzen denken, das uns nur als perspektivabh\u00e4ngiges Muster erscheint. Muss man aber gar nicht.<\/p>\n<p>Stattdessen kann man sich daran erfreuen, dass Gro\u00df\u2019 Interferenzen mit den <strong>Artefakten<\/strong> von <strong>Susanne Piotter<\/strong> wechselwirken, mit denen sie sich bei Axel Obinger den Raum teilen. Aber nur noch bis Sonntag: Um 16 Uhr beginnt die Finissage mit Konzert. Julia Yoo Soon Gr\u00f6ting, Violine, und Luise Rau, Cello, interferieren musikalisch bei Werken von <strong>Kaija Saariaho, Henrik Ajax, Hanns Eisler, Philip Glass and B.A. Zimmermann<\/strong>. Eintritt frei.<\/p>\n<p>https:\/\/epaper.tagesspiegel.de\/article\/274aa043dd962eabf15089446a1660f6b0b25fd9d9e4e8132cf67a17cd3bfc97<\/p>\n<p>&nbsp;<\/p>\n","protected":false},"excerpt":{"rendered":"<p>Tagesspiegel am am 07.07.2023, 10:49&nbsp;Uhr &nbsp; &nbsp; Wellenbad Interferenzen und Artefakte Von Thomas Wochnik Betrachtet man das rotierende Rad eines Fahrrads, kann es wirken, als drehte es sich r\u00fcckw\u00e4rts. Filmt man einen R\u00f6hrenbildschirm, sieht man es flimmern und schl\u00e4gt man &hellip; <a href=\"http:\/\/www.harrietgross.com\/?page_id=2687\">Weiterlesen <span class=\"meta-nav\">&rarr;<\/span><\/a><\/p>\n","protected":false},"author":2,"featured_media":0,"parent":23,"menu_order":0,"comment_status":"closed","ping_status":"closed","template":"","meta":{"ngg_post_thumbnail":0},"_links":{"self":[{"href":"http:\/\/www.harrietgross.com\/index.php?rest_route=\/wp\/v2\/pages\/2687"}],"collection":[{"href":"http:\/\/www.harrietgross.com\/index.php?rest_route=\/wp\/v2\/pages"}],"about":[{"href":"http:\/\/www.harrietgross.com\/index.php?rest_route=\/wp\/v2\/types\/page"}],"author":[{"embeddable":true,"href":"http:\/\/www.harrietgross.com\/index.php?rest_route=\/wp\/v2\/users\/2"}],"replies":[{"embeddable":true,"href":"http:\/\/www.harrietgross.com\/index.php?rest_route=%2Fwp%2Fv2%2Fcomments&post=2687"}],"version-history":[{"count":7,"href":"http:\/\/www.harrietgross.com\/index.php?rest_route=\/wp\/v2\/pages\/2687\/revisions"}],"predecessor-version":[{"id":2968,"href":"http:\/\/www.harrietgross.com\/index.php?rest_route=\/wp\/v2\/pages\/2687\/revisions\/2968"}],"up":[{"embeddable":true,"href":"http:\/\/www.harrietgross.com\/index.php?rest_route=\/wp\/v2\/pages\/23"}],"wp:attachment":[{"href":"http:\/\/www.harrietgross.com\/index.php?rest_route=%2Fwp%2Fv2%2Fmedia&parent=2687"}],"curies":[{"name":"wp","href":"https:\/\/api.w.org\/{rel}","templated":true}]}}